*3 + 7*m**2 - 5*m + 7. What are the prime factors of o(y)?
13
Let f be (1/2)/(1/10). Suppose 2*h = f*i + 32, 3*h - 13 = 2*h + i. List the prime factors of h.
11
Suppose 0 = 4*s - 5 + 25, -s + 223 = 3*x. List the prime factors of x.
2, 19
What are the prime factors of 2*354*3/12 + -3?
2, 3, 29
What are the prime factors of 39/91 + (-624)/(-14)?
3, 5
Let h(m) = 2*m + 5. Let q be h(-6). Let b = 4 + q. What are the prime factors of b - 0 - (-1 - 19)?
17
List the prime factors of -3 - 5/((-10)/52).
23
Let p = 14 + -11. List the prime factors of p.
3
Suppose x - 4*l = 2*x - 2, -3*x = -4*l - 22. Let f be (62/x + -3)*3. Let c = f + -15. List the prime factors of c.
7
Let j(s) = -3*s - 1. Let n be j(-1). Suppose -4*h = -n*h - 12. List the prime factors of h.
2, 3
Let u(l) = 69*l - 4. What are the prime factors of u(3)?
7, 29
Let r(x) = x**2 + 12*x - 34. List the prime factors of r(6).
2, 37
Let l(s) = 5*s + 287. List the prime factors of l(0).
7, 41
Let z = -1 + 2. Let p be 2 + z*-3 + 3. Suppose 5*q - 24 = p*q - 5*t, 5*q = -2*t + 40. What are the prime factors of q?
2
Let z be (6 + 2)/(0 - -2). Suppose -z*o = -4*k - 36, 0 = o + 2*o + 5*k - 27. Let f = -6 + o. List the prime factors of f.
3
Suppose 0 = -2*j - 0*j - 4*f + 14, 5*f - 12 = -2*j. List the prime factors of j.
11
Let t(p) = -30*p - 69. What are the prime factors of t(-9)?
3, 67
Let z = -21 + 3. Let g be z/4*-2 + 1. Let h = 22 - g. What are the prime factors of h?
2, 3
Let v be (-9)/(-2) + 2/4. Suppose -2*k + 110 + 175 = 5*q, q = 4*k + 57. Suppose 0 = -v*y + 2*y + q. List the prime factors of y.
19
Let h(i) = i**2 + 6*i - 3. List the prime factors of h(4).
37
Let y = -5 - -4. What are the prime factors of y/3*18/(-2)?
3
Let l = -3 + 5. Suppose -5*j = 8*v - 4*v - 77, l*v - 32 = 4*j. Suppose k + 2*y - 15 = 0, 3*k - 5*k = y - v. What are the prime factors of k?
7
Suppose 5 = n - o, 3*n - o - 55 = -6*o. Suppose -i + 2 + 2 = 0. Suppose -5*a = -i*a - n. What are the prime factors of a?
2, 5
Let m(a) = a**2 + 4*a + 6. Let q be m(4). Let f = q - 6. List the prime factors of f.
2
Suppose -3 + 15 = 2*r. Suppose -r = a - 3*a. Suppose -5*g + 12 = -4*s - 27, 2*s = -a*g + 41. What are the prime factors of g?
11
Suppose 3*i + 5*j + 21 = 0, i + 11 = -5*j - 6. List the prime factors of (-2)/(-4) + (-7)/i.
2
Suppose -n - v + 18 = 0, 2*v + 0 + 4 = 0. Suppose 3*x = -2*l + n, -l + 8 = -2*l + 3*x. What are the prime factors of l?
2
Let k(b) = 4*b + 6*b**2 - 3*b + 11 - 5*b**2. What are the prime factors of k(0)?
11
Suppose -3*p + 4*q - 33 = 0, -2*p + 0*q - 3*q - 39 = 0. Let t = 22 + p. What are the prime factors of t?
7
Suppose 2*k + 50 = -3*k. Let m = -8 - k. List the prime factors of m.
2
Suppose 15 + 9 = 4*c + 4*a, -4*c = -a - 14. Let m be 3/(-12) - (-313)/c. What are the prime factors of ((-2)/3)/((-4)/m)?
13
Let d(r) = r**2 - 11*r + 7. Suppose -3*t - 1 = v, 0 = -0*v - v - 2*t + 1. Let c be d(v). Let l = 41 + c. List the prime factors of l.
2, 3
Suppose v - 8 = -4*z - v, -4*v = 3*z - 16. Suppose 4*y - i - 12 = 0, 3*y + 2*i - 7 - 2 = z. Suppose y*g - 36 = -0. List the prime factors of g.
2, 3
Suppose 16 + 2 = 2*l. What are the prime factors of 272/l - (-2)/(-9)?
2, 3, 5
Let a(j) be the third derivative of -j**5/60 - j**4/24 + 4*j**3/3 - 3*j**2. What are the prime factors of a(0)?
2
Let p = 74 - 49. What are the prime factors of p?
5
Let a = -26 - -110. List the prime factors of a.
2, 3, 7
Let p = 11 + -9. Suppose i - 5*i = 4, 3*k + p*i = 19. List the prime factors of k.
7
Suppose -2*p = -6*p + 28. What are the prime factors of p?
7
Let g(w) = 8*w + 3. What are the prime factors of g(4)?
5, 7
Suppose -n + 4 = 0, -3*n + 27 = 2*v - 17. Suppose m - v - 2 = 0. List the prime factors of -2*m/((-6)/2).
2, 3
Let d be ((-330)/(-35))/(2/14). Suppose 4*j + 0*q = 3*q + d, -3*j + 44 = -5*q. List the prime factors of j.
2, 3
Let z be -1*-3*(2 - 1). Suppose g - r = 5, -z*g - 5*r - 21 = -4*g. What are the prime factors of (-4)/(g/3*-1)?
2, 3
Suppose -3*l - 5*i + 665 = -l, 2*l = 2*i + 658. List the prime factors of l.
2, 3, 5, 11
Suppose k - 2*b = -7*b + 22, -b = 3*k - 24. Let t(m) = -m + 9. Let r be t(k). What are the prime factors of 26/r*(-2)/(-2)?
13
Suppose 35 + 13 = 3*b. List the prime factors of b.
2
Let p = -41 - -14. Let q = p - -40. What are the prime factors of q?
13
Let b = 5 + -10. Let j be b/(15/(-4))*3. Suppose -v + 3*v - 4 = -z, -3*z = -j*v + 18. What are the prime factors of v?
3
Let s(h) be the first derivative of 3*h**2/2 + 5*h + 1. What are the prime factors of s(7)?
2, 13
Let w(i) = 6*i**2 + i - 2. List the prime factors of w(1).
5
Suppose 3*n - 6*n = 15. Let f be (n/((-5)/2))/(-1). List the prime factors of -6*(-1)/f - -13.
2, 5
Let k be (9/6)/(6/8). Suppose -5*b - 99 = -k*q, 4*b + 2 + 2 = 0. What are the prime factors of q?
47
Suppose 0 = -3*r + 14 - 2. Let u = 3 + r. List the prime factors of u.
7
Let h(g) = -g**2 + 8*g - 8. Let d be h(6). Suppose 3*r - d = 5. Suppose 21 = r*i + 3*a, -2*i = 3*a - 0*a - 18. What are the prime factors of i?
3
Suppose p - 5*p = -80. Suppose 6*c = c + p. Suppose j + 24 = c*j. List the prime factors of j.
2
Let y(s) = -s - 6. Let d be y(-6). Let b = d - -5. Suppose b*k + 3*g = 98, 2*k - 3*g = 4*k - 41. List the prime factors of k.
19
Let o(h) = 2*h + 3. Let m be o(7). List the prime factors of m*(-1)/2*-2.
17
Let n = 4 - 4. Suppose -3*y - 2*b + 9 + 2 = n, 5*y = -3*b + 19. What are the prime factors of y?
5
Suppose 4*l - 36 = 2*l. List the prime factors of l.
2, 3
Let l(o) = -6*o**3 + o + 2. List the prime factors of l(-2).
2, 3
Let j(c) be the first derivative of -c**4/12 - c**3 - 2*c - 1. Let a(l) be the first derivative of j(l). What are the prime factors of a(-3)?
3
Let q(s) = -s**3 - 11*s**2 - 15*s - 2. List the prime factors of q(-10).
2, 3
Suppose 4*f - 3*f = 5. Suppose f*b - 44 = b. What are the prime factors of b?
11
Suppose -h - q + 2 = 10, 5*q + 37 = -4*h. Let t = h - -8. Let b(o) = o - 2. What are the prime factors of b(t)?
3
Suppose 0 = 4*i + k - 12, 3*i - i - k - 12 = 0. Let j be (-10)/(-2) - 2/(-2). Suppose j = h - i. What are the prime factors of h?
2, 5
Let v = -1 + 3. Let c(w) = -3*w**v + 0*w**2 - 3*w - 3*w**3 + 3*w. List the prime factors of c(-2).
2, 3
Let m = 0 + 5. List the prime factors of m.
5
Let d(m) = 2*m + 40. Let y be d(0). Let j = y - 9. List the prime factors of j.
31
Let k = -99 + 61. Let l = k + 60. What are the prime factors of l?
2, 11
Let v = 383 + -216. List the prime factors of v.
167
Let t(w) = -w**3 - w**2 + w + 5. What are the prime factors of t(0)?
5
Let c = 14 - 8. Suppose -5*a = -c*a + 37. What are the prime factors of a?
37
Let z be -1 + 1 - (-23 - -2). Let l = 6 + z. Suppose 2*p - l = -9. What are the prime factors of p?
3
Let u(z) = z**2 + 8*z + 14. What are the prime factors of u(-12)?
2, 31
Let f = -21 - -56. What are the prime factors of f?
5, 7
Let q be (-3)/1 - -3 - 2. Let v = 8 - q. What are the prime factors of v?
2, 5
Let f be (-80)/(-25) + 1/(-5). Suppose -f*a + 23 = 5. Let g(n) = -n**3 + 5*n**2 + 9*n - 4. What are the prime factors of g(a)?
2, 7
Let l be 12/54 + (-104)/(-18). Let t(v) = 7*v + 8. What are the prime factors of t(l)?
2, 5
Let u be 1*3*3*-1. Let c be (2 + 1 + u)/1. Let s = 12 + c. List the prime factors of s.
2, 3
Let i = -20 - -40. What are the prime factors of i?
2, 5
Suppose d = 5, -2*d + 5*d - 5 = -5*b. Let l(z) = 7*z**2 - 2*z - 1. What are the prime factors of l(b)?
31
Let q(w) = w**3 + w + 10. Let y be q(0). Let d(t) = -t**3 + 11*t**2 - 8*t - 1. List the prime factors of d(y).
19
Suppose -u - 4*x - 570 = -3*u, -1127 = -4*u - 5*x. What are the prime factors of u?
283
Suppose -3*p - 5 = -17. Suppose 18 = p*q - 50. List the prime factors of q.
17
Suppose 2*i = -i. Suppose i*l + 80 = 5*l. List the prime factors of l.
2
Let n be -5*(-2)/10*3. Suppose -n*k + 18 = -k - 4*j, 0 = 2*j - 4. List the prime factors of k.
13
Let l = 1 - -9. Let g = 12 + l. List the prime factors of g.
2, 11
Let y be -1 + (-2)/(2/(-17)). Suppose -4*a + y = -4*f, 3*f + 10 + 10 = 4*a. List the prime factors of a.
2
Let r(y) = y**3 + 5*y**2 - 7*y + 2. Let f be r(-6). Suppose -3*o - 60 = -f*o. Suppose -o - 13 = -5*c. List the prime factors of c.
5
Let p(n) = -n**2 + 10*n + 6. List the prime factors of p(6).
2, 3, 5
Suppose -41 = -2*y +